{"id":875,"date":"2025-03-26T16:56:56","date_gmt":"2025-03-26T16:56:56","guid":{"rendered":"https:\/\/anders-rum.com\/test\/index.php\/home\/"},"modified":"2025-05-20T16:59:30","modified_gmt":"2025-05-20T16:59:30","slug":"home","status":"publish","type":"page","link":"https:\/\/anders-rum.com\/","title":{"rendered":"Deck"},"content":{"rendered":"\t\t<div data-elementor-type=\"wp-page\" data-elementor-id=\"875\" class=\"elementor elementor-875\" data-elementor-settings=\"{&quot;element_pack_global_tooltip_width&quot;:{&quot;unit&quot;:&quot;px&quot;,&quot;size&quot;:&quot;&quot;,&quot;sizes&quot;:[]},&quot;element_pack_global_tooltip_width_tablet&quot;:{&quot;unit&quot;:&quot;px&quot;,&quot;size&quot;:&quot;&quot;,&quot;sizes&quot;:[]},&quot;element_pack_global_tooltip_width_mobile&quot;:{&quot;unit&quot;:&quot;px&quot;,&quot;size&quot;:&quot;&quot;,&quot;sizes&quot;:[]},&quot;element_pack_global_tooltip_padding&quot;:{&quot;unit&quot;:&quot;px&quot;,&quot;top&quot;:&quot;&quot;,&quot;right&quot;:&quot;&quot;,&quot;bottom&quot;:&quot;&quot;,&quot;left&quot;:&quot;&quot;,&quot;isLinked&quot;:true},&quot;element_pack_global_tooltip_padding_tablet&quot;:{&quot;unit&quot;:&quot;px&quot;,&quot;top&quot;:&quot;&quot;,&quot;right&quot;:&quot;&quot;,&quot;bottom&quot;:&quot;&quot;,&quot;left&quot;:&quot;&quot;,&quot;isLinked&quot;:true},&quot;element_pack_global_tooltip_padding_mobile&quot;:{&quot;unit&quot;:&quot;px&quot;,&quot;top&quot;:&quot;&quot;,&quot;right&quot;:&quot;&quot;,&quot;bottom&quot;:&quot;&quot;,&quot;left&quot;:&quot;&quot;,&quot;isLinked&quot;:true},&quot;element_pack_global_tooltip_border_radius&quot;:{&quot;unit&quot;:&quot;px&quot;,&quot;top&quot;:&quot;&quot;,&quot;right&quot;:&quot;&quot;,&quot;bottom&quot;:&quot;&quot;,&quot;left&quot;:&quot;&quot;,&quot;isLinked&quot;:true},&quot;element_pack_global_tooltip_border_radius_tablet&quot;:{&quot;unit&quot;:&quot;px&quot;,&quot;top&quot;:&quot;&quot;,&quot;right&quot;:&quot;&quot;,&quot;bottom&quot;:&quot;&quot;,&quot;left&quot;:&quot;&quot;,&quot;isLinked&quot;:true},&quot;element_pack_global_tooltip_border_radius_mobile&quot;:{&quot;unit&quot;:&quot;px&quot;,&quot;top&quot;:&quot;&quot;,&quot;right&quot;:&quot;&quot;,&quot;bottom&quot;:&quot;&quot;,&quot;left&quot;:&quot;&quot;,&quot;isLinked&quot;:true}}\" data-elementor-post-type=\"page\">\n\t\t\t\t<div class=\"elementor-element elementor-element-12d46034 e-flex e-con-boxed e-con e-parent\" data-id=\"12d46034\" data-element_type=\"container\">\n\t\t\t\t\t<div class=\"e-con-inner\">\n\t\t\t\t<div class=\"elementor-element elementor-element-3891252a elementor-widget elementor-widget-heading\" data-id=\"3891252a\" data-element_type=\"widget\" data-widget_type=\"heading.default\">\n\t\t\t\t\t<h1 class=\"elementor-heading-title elementor-size-default\">Herzlich Willkommen bei Anders Rum! <br>Hier berichten wir \u00fcber unsere angeltrips und iNFORMIEREN \u00dcBER Tips und Tricks zur Angelei in Norwegen.<\/h1>\t\t\t\t<\/div>\n\t\t\t\t<div class=\"elementor-element elementor-element-3d1fb59 elementor-widget-divider--view-line elementor-widget elementor-widget-divider\" data-id=\"3d1fb59\" data-element_type=\"widget\" data-widget_type=\"divider.default\">\n\t\t\t\t\t\t\t<div class=\"elementor-divider\">\n\t\t\t<span class=\"elementor-divider-separator\">\n\t\t\t\t\t\t<\/span>\n\t\t<\/div>\n\t\t\t\t\t\t<\/div>\n\t\t\t\t<div class=\"elementor-element elementor-element-ffde9bd elementor-widget-divider--view-line elementor-widget elementor-widget-divider\" data-id=\"ffde9bd\" data-element_type=\"widget\" data-widget_type=\"divider.default\">\n\t\t\t\t\t\t\t<div class=\"elementor-divider\">\n\t\t\t<span class=\"elementor-divider-separator\">\n\t\t\t\t\t\t<\/span>\n\t\t<\/div>\n\t\t\t\t\t\t<\/div>\n\t\t\t\t\t<\/div>\n\t\t\t\t<\/div>\n\t\t<div class=\"elementor-element elementor-element-2913f1b e-flex e-con-boxed e-con e-parent\" data-id=\"2913f1b\" data-element_type=\"container\">\n\t\t\t\t\t<div class=\"e-con-inner\">\n\t\t\t\t<div class=\"elementor-element elementor-element-85b422f elementor-widget elementor-widget-heading\" data-id=\"85b422f\" data-element_type=\"widget\" data-widget_type=\"heading.default\">\n\t\t\t\t\t<h3 class=\"elementor-heading-title elementor-size-default\">Letzer Post<\/h3>\t\t\t\t<\/div>\n\t\t\t\t\t<\/div>\n\t\t\t\t<\/div>\n\t\t<div class=\"elementor-element elementor-element-55ae6b8f e-flex e-con-boxed e-con e-parent\" data-id=\"55ae6b8f\" data-element_type=\"container\">\n\t\t\t\t\t<div class=\"e-con-inner\">\n\t\t<div class=\"elementor-element elementor-element-1eac66ba e-con-full e-flex e-con e-child\" data-id=\"1eac66ba\" data-element_type=\"container\">\n\t\t<div class=\"elementor-element elementor-element-33cbc75b e-con-full e-flex e-con e-child\" data-id=\"33cbc75b\" data-element_type=\"container\">\n\t\t\t\t<div class=\"elementor-element elementor-element-5ab7d231 elementor-grid-1 elementor-grid-tablet-1 elementor-grid-mobile-1 elementor-posts--thumbnail-top elementor-posts__hover-gradient elementor-widget elementor-widget-posts\" data-id=\"5ab7d231\" data-element_type=\"widget\" data-settings=\"{&quot;cards_columns&quot;:&quot;1&quot;,&quot;cards_row_gap&quot;:{&quot;unit&quot;:&quot;px&quot;,&quot;size&quot;:25,&quot;sizes&quot;:[]},&quot;cards_columns_tablet&quot;:&quot;1&quot;,&quot;cards_columns_mobile&quot;:&quot;1&quot;,&quot;cards_row_gap_tablet&quot;:{&quot;unit&quot;:&quot;px&quot;,&quot;size&quot;:&quot;&quot;,&quot;sizes&quot;:[]},&quot;cards_row_gap_mobile&quot;:{&quot;unit&quot;:&quot;px&quot;,&quot;size&quot;:&quot;&quot;,&quot;sizes&quot;:[]}}\" data-widget_type=\"posts.cards\">\n\t\t\t\t<div class=\"elementor-widget-container\">\n\t\t\t\t\t\t\t<div class=\"elementor-posts-container elementor-posts elementor-posts--skin-cards elementor-grid\">\n\t\t\t\t<article class=\"elementor-post elementor-grid-item post-1411 post type-post status-publish format-standard hentry category-reisen\">\n\t\t\t<div class=\"elementor-post__card\">\n\t\t\t\t<div class=\"elementor-post__text\">\n\t\t\t\t<h4 class=\"elementor-post__title\">\n\t\t\t<a href=\"https:\/\/anders-rum.com\/index.php\/2025\/06\/10\/tag-3-heute-lassen-wir-es-ruhig-angehen\/\" >\n\t\t\t\tTag 3 &#8211; Pfingstwunder in Norwegen \u2013 Von Einkaufsdrama bis zur unheimlichen Begegnung\t\t\t<\/a>\n\t\t<\/h4>\n\t\t\t\t<div class=\"elementor-post__excerpt\">\n\t\t\t<p>Pfingstwunder in Norwegen \u2013 Von Einkaufsdrama bis zur unheimlichen Begegnung Dass Norwegen auch Pfingsten feiert? Wer h\u00e4tte das gedacht! Unsere Vorr\u00e4te wurden dadurch ein wenig<\/p>\n\t\t<\/div>\n\t\t\t\t<\/div>\n\t\t\t\t<div class=\"elementor-post__meta-data\">\n\t\t\t\t\t<span class=\"elementor-post-author\">\n\t\t\tAnders Rum\t\t<\/span>\n\t\t\t\t<span class=\"elementor-post-date\">\n\t\t\t10. Juni 2025\t\t<\/span>\n\t\t\t\t<\/div>\n\t\t\t\t\t<\/div>\n\t\t<\/article>\n\t\t\t\t<\/div>\n\t\t\n\t\t\t\t\t\t<\/div>\n\t\t\t\t<\/div>\n\t\t\t\t<\/div>\n\t\t<div class=\"elementor-element elementor-element-4dad86bf e-con-full e-flex e-con e-child\" data-id=\"4dad86bf\" data-element_type=\"container\">\n\t\t\t\t<div class=\"elementor-element elementor-element-e694218 elementor-widget elementor-widget-heading\" data-id=\"e694218\" data-element_type=\"widget\" data-widget_type=\"heading.default\">\n\t\t\t\t\t<h2 class=\"elementor-heading-title elementor-size-default\">So ist das Wetter im Lyngenfjord<\/h2>\t\t\t\t<\/div>\n\t\t\t\t<div class=\"elementor-element elementor-element-219c328 elementor-widget elementor-widget-html\" data-id=\"219c328\" data-element_type=\"widget\" data-widget_type=\"html.default\">\n\t\t\t\t\t<img decoding=\"async\" src=\"https:\/\/www.yr.no\/en\/content\/1-306105\/meteogram.svg\" alt=\"Yr Wetter\">\r\n\t\t\t\t<\/div>\n\t\t\t\t<\/div>\n\t\t\t\t<\/div>\n\t\t\t\t\t<\/div>\n\t\t\t\t<\/div>\n\t\t<div class=\"elementor-element elementor-element-620d1377 e-flex e-con-boxed e-con e-parent\" data-id=\"620d1377\" data-element_type=\"container\">\n\t\t\t\t\t<div class=\"e-con-inner\">\n\t\t\t\t<div class=\"elementor-element elementor-element-47057a7c elementor-widget elementor-widget-heading\" data-id=\"47057a7c\" data-element_type=\"widget\" data-widget_type=\"heading.default\">\n\t\t\t\t\t<h3 class=\"elementor-heading-title elementor-size-default\">Reisen<\/h3>\t\t\t\t<\/div>\n\t\t\t\t<div class=\"elementor-element elementor-element-5e6ccdcc elementor-align-center elementor-widget elementor-widget-button\" data-id=\"5e6ccdcc\" data-element_type=\"widget\" data-widget_type=\"button.default\">\n\t\t\t\t\t\t\t\t\t\t<a class=\"elementor-button elementor-button-link elementor-size-sm\" href=\"https:\/\/anders-rum.com\/?taxonomy=elementor_library_type&#038;term=header\">\n\t\t\t\t\t\t<span class=\"elementor-button-content-wrapper\">\n\t\t\t\t\t\t\t\t\t<span class=\"elementor-button-text\">Alle Posts anschauen<\/span>\n\t\t\t\t\t<\/span>\n\t\t\t\t\t<\/a>\n\t\t\t\t\t\t\t\t<\/div>\n\t\t\t\t\t<\/div>\n\t\t\t\t<\/div>\n\t\t<div class=\"elementor-element elementor-element-7e1de7e e-flex e-con-boxed e-con e-parent\" data-id=\"7e1de7e\" data-element_type=\"container\">\n\t\t\t\t\t<div class=\"e-con-inner\">\n\t\t\t\t<div class=\"elementor-element elementor-element-514cc165 elementor-widget elementor-widget-heading\" data-id=\"514cc165\" data-element_type=\"widget\" data-widget_type=\"heading.default\">\n\t\t\t\t\t<h3 class=\"elementor-heading-title elementor-size-default\">Letzte\/ Allgemein<\/h3>\t\t\t\t<\/div>\n\t\t\t\t<div class=\"elementor-element elementor-element-34aea854 elementor-grid-tablet-3 elementor-grid-3 elementor-grid-mobile-1 elementor-posts--thumbnail-top elementor-posts__hover-gradient elementor-widget elementor-widget-posts\" data-id=\"34aea854\" data-element_type=\"widget\" data-settings=\"{&quot;cards_row_gap&quot;:{&quot;unit&quot;:&quot;px&quot;,&quot;size&quot;:60,&quot;sizes&quot;:[]},&quot;cards_columns_tablet&quot;:&quot;3&quot;,&quot;cards_columns&quot;:&quot;3&quot;,&quot;cards_columns_mobile&quot;:&quot;1&quot;,&quot;cards_row_gap_tablet&quot;:{&quot;unit&quot;:&quot;px&quot;,&quot;size&quot;:&quot;&quot;,&quot;sizes&quot;:[]},&quot;cards_row_gap_mobile&quot;:{&quot;unit&quot;:&quot;px&quot;,&quot;size&quot;:&quot;&quot;,&quot;sizes&quot;:[]}}\" data-widget_type=\"posts.cards\">\n\t\t\t\t<div class=\"elementor-widget-container\">\n\t\t\t\t\t\t\t<div class=\"elementor-posts-container elementor-posts elementor-posts--skin-cards elementor-grid\">\n\t\t\t\t<article class=\"elementor-post elementor-grid-item post-714 post type-post status-publish format-standard has-post-thumbnail hentry category-reisen tag-angeln tag-lyngenfjord tag-norwegen tag-reise\">\n\t\t\t<div class=\"elementor-post__card\">\n\t\t\t\t<a class=\"elementor-post__thumbnail__link\" href=\"https:\/\/anders-rum.com\/index.php\/2025\/05\/19\/vorfreude25\/\" tabindex=\"-1\" ><div class=\"elementor-post__thumbnail\"><img fetchpriority=\"high\" decoding=\"async\" width=\"800\" height=\"600\" src=\"https:\/\/anders-rum.com\/wp-content\/uploads\/2025\/05\/658DAD57-A2BC-4BB8-8CF9-04CCB17CE785-1024x768.webp\" class=\"attachment-large size-large wp-image-1273\" alt=\"\" srcset=\"https:\/\/anders-rum.com\/wp-content\/uploads\/2025\/05\/658DAD57-A2BC-4BB8-8CF9-04CCB17CE785-1024x768.webp 1024w, https:\/\/anders-rum.com\/wp-content\/uploads\/2025\/05\/658DAD57-A2BC-4BB8-8CF9-04CCB17CE785-300x225.webp 300w, https:\/\/anders-rum.com\/wp-content\/uploads\/2025\/05\/658DAD57-A2BC-4BB8-8CF9-04CCB17CE785-768x576.webp 768w, https:\/\/anders-rum.com\/wp-content\/uploads\/2025\/05\/658DAD57-A2BC-4BB8-8CF9-04CCB17CE785.webp 1280w\" sizes=\"(max-width: 800px) 100vw, 800px\" \/><\/div><\/a>\n\t\t\t\t<div class=\"elementor-post__badge\">Reisen<\/div>\n\t\t\t\t<div class=\"elementor-post__text\">\n\t\t\t\t<h4 class=\"elementor-post__title\">\n\t\t\t<a href=\"https:\/\/anders-rum.com\/index.php\/2025\/05\/19\/vorfreude25\/\" >\n\t\t\t\tVorfreunde auf das Abenteuer am Lyngenfjord 2025\t\t\t<\/a>\n\t\t<\/h4>\n\t\t\t\t<div class=\"elementor-post__excerpt\">\n\t\t\t<p>Die Vorfreude ist riesig, der Countdown l\u00e4uft! Anders, Albert, Kris und Rico k\u00f6nnen es kaum erwarten, ihre Angelruten zu packen und sich auf den Weg<\/p>\n\t\t<\/div>\n\t\t\t\t<\/div>\n\t\t\t\t<div class=\"elementor-post__meta-data\">\n\t\t\t\t\t<span class=\"elementor-post-date\">\n\t\t\t19. Mai 2025\t\t<\/span>\n\t\t\t\t<\/div>\n\t\t\t\t\t<\/div>\n\t\t<\/article>\n\t\t\t\t<article class=\"elementor-post elementor-grid-item post-1357 post type-post status-publish format-standard has-post-thumbnail hentry category-reisen\">\n\t\t\t<div class=\"elementor-post__card\">\n\t\t\t\t<a class=\"elementor-post__thumbnail__link\" href=\"https:\/\/anders-rum.com\/index.php\/2025\/06\/06\/es-geht-endlich-los\/\" tabindex=\"-1\" ><div class=\"elementor-post__thumbnail\"><img decoding=\"async\" width=\"800\" height=\"450\" src=\"https:\/\/anders-rum.com\/wp-content\/uploads\/2025\/06\/20250606_135018498_iOS-1024x576.jpg\" class=\"attachment-large size-large wp-image-1370\" alt=\"\" srcset=\"https:\/\/anders-rum.com\/wp-content\/uploads\/2025\/06\/20250606_135018498_iOS-1024x576.jpg 1024w, https:\/\/anders-rum.com\/wp-content\/uploads\/2025\/06\/20250606_135018498_iOS-300x169.jpg 300w, https:\/\/anders-rum.com\/wp-content\/uploads\/2025\/06\/20250606_135018498_iOS-768x432.jpg 768w, https:\/\/anders-rum.com\/wp-content\/uploads\/2025\/06\/20250606_135018498_iOS-1536x864.jpg 1536w, https:\/\/anders-rum.com\/wp-content\/uploads\/2025\/06\/20250606_135018498_iOS-2048x1152.jpg 2048w\" sizes=\"(max-width: 800px) 100vw, 800px\" \/><\/div><\/a>\n\t\t\t\t<div class=\"elementor-post__badge\">Reisen<\/div>\n\t\t\t\t<div class=\"elementor-post__text\">\n\t\t\t\t<h4 class=\"elementor-post__title\">\n\t\t\t<a href=\"https:\/\/anders-rum.com\/index.php\/2025\/06\/06\/es-geht-endlich-los\/\" >\n\t\t\t\tEs geht endlich los!\t\t\t<\/a>\n\t\t<\/h4>\n\t\t\t\t<div class=\"elementor-post__excerpt\">\n\t\t\t<p>Tag 0 &#8211; Es geht endlich los! Moin Leute, nachdem ich gestern noch ganz in Ruhe ein g\u00fcltiges Reisedokument bekommen habe (\u2026 falls da mal<\/p>\n\t\t<\/div>\n\t\t\t\t<\/div>\n\t\t\t\t<div class=\"elementor-post__meta-data\">\n\t\t\t\t\t<span class=\"elementor-post-date\">\n\t\t\t6. Juni 2025\t\t<\/span>\n\t\t\t\t<\/div>\n\t\t\t\t\t<\/div>\n\t\t<\/article>\n\t\t\t\t<article class=\"elementor-post elementor-grid-item post-1395 post type-post status-publish format-standard has-post-thumbnail hentry category-reisen\">\n\t\t\t<div class=\"elementor-post__card\">\n\t\t\t\t<a class=\"elementor-post__thumbnail__link\" href=\"https:\/\/anders-rum.com\/index.php\/2025\/06\/07\/tag-0-wir-sind-angekommen\/\" tabindex=\"-1\" ><div class=\"elementor-post__thumbnail\"><img decoding=\"async\" width=\"800\" height=\"450\" src=\"https:\/\/anders-rum.com\/wp-content\/uploads\/2025\/06\/20250606_134951330_iOS-1024x576.jpg\" class=\"attachment-large size-large wp-image-1400\" alt=\"\" srcset=\"https:\/\/anders-rum.com\/wp-content\/uploads\/2025\/06\/20250606_134951330_iOS-1024x576.jpg 1024w, https:\/\/anders-rum.com\/wp-content\/uploads\/2025\/06\/20250606_134951330_iOS-300x169.jpg 300w, https:\/\/anders-rum.com\/wp-content\/uploads\/2025\/06\/20250606_134951330_iOS-768x432.jpg 768w, https:\/\/anders-rum.com\/wp-content\/uploads\/2025\/06\/20250606_134951330_iOS-1536x864.jpg 1536w, https:\/\/anders-rum.com\/wp-content\/uploads\/2025\/06\/20250606_134951330_iOS-2048x1152.jpg 2048w\" sizes=\"(max-width: 800px) 100vw, 800px\" \/><\/div><\/a>\n\t\t\t\t<div class=\"elementor-post__badge\">Reisen<\/div>\n\t\t\t\t<div class=\"elementor-post__text\">\n\t\t\t\t<h4 class=\"elementor-post__title\">\n\t\t\t<a href=\"https:\/\/anders-rum.com\/index.php\/2025\/06\/07\/tag-0-wir-sind-angekommen\/\" >\n\t\t\t\tTag 0 &#8211; Wir sind angekommen!\t\t\t<\/a>\n\t\t<\/h4>\n\t\t\t\t<div class=\"elementor-post__excerpt\">\n\t\t\t<p>Angekommen in Troms\u00f6 wurden wir bereits von weitem gemustert und mit all unserem Gerassel total zuf\u00e4llig ausgew\u00e4hlt, um einer Zollkontrolle unterzogen zu werden. Kleinere Unstimmigkeiten<\/p>\n\t\t<\/div>\n\t\t\t\t<\/div>\n\t\t\t\t<div class=\"elementor-post__meta-data\">\n\t\t\t\t\t<span class=\"elementor-post-date\">\n\t\t\t7. Juni 2025\t\t<\/span>\n\t\t\t\t<\/div>\n\t\t\t\t\t<\/div>\n\t\t<\/article>\n\t\t\t\t<\/div>\n\t\t\n\t\t\t\t\t\t<\/div>\n\t\t\t\t<\/div>\n\t\t\t\t<div class=\"elementor-element elementor-element-1c255beb elementor-align-center elementor-widget elementor-widget-button\" data-id=\"1c255beb\" data-element_type=\"widget\" data-widget_type=\"button.default\">\n\t\t\t\t\t\t\t\t\t\t<a class=\"elementor-button elementor-button-link elementor-size-sm\" href=\"https:\/\/anders-rum.com\/?taxonomy=nav_menu&#038;term=menu\">\n\t\t\t\t\t\t<span class=\"elementor-button-content-wrapper\">\n\t\t\t\t\t\t\t\t\t<span class=\"elementor-button-text\">Alle Posts anschauen<\/span>\n\t\t\t\t\t<\/span>\n\t\t\t\t\t<\/a>\n\t\t\t\t\t\t\t\t<\/div>\n\t\t\t\t\t<\/div>\n\t\t\t\t<\/div>\n\t\t<div class=\"elementor-element elementor-element-26149182 e-flex e-con-boxed e-con e-parent\" data-id=\"26149182\" data-element_type=\"container\">\n\t\t\t\t\t<div class=\"e-con-inner\">\n\t\t\t\t<div class=\"elementor-element elementor-element-1f701b6f elementor-widget elementor-widget-heading\" data-id=\"1f701b6f\" data-element_type=\"widget\" data-widget_type=\"heading.default\">\n\t\t\t\t\t<h2 class=\"elementor-heading-title elementor-size-default\">Galerie<\/h2>\t\t\t\t<\/div>\n\t\t\t\t<div class=\"elementor-element elementor-element-63a40961 elementor-widget elementor-widget-gallery\" data-id=\"63a40961\" data-element_type=\"widget\" data-settings=\"{&quot;columns&quot;:5,&quot;columns_tablet&quot;:3,&quot;columns_mobile&quot;:2,&quot;gap&quot;:{&quot;unit&quot;:&quot;px&quot;,&quot;size&quot;:24,&quot;sizes&quot;:[]},&quot;aspect_ratio&quot;:&quot;1:1&quot;,&quot;lazyload&quot;:&quot;yes&quot;,&quot;gallery_layout&quot;:&quot;grid&quot;,&quot;gap_tablet&quot;:{&quot;unit&quot;:&quot;px&quot;,&quot;size&quot;:10,&quot;sizes&quot;:[]},&quot;gap_mobile&quot;:{&quot;unit&quot;:&quot;px&quot;,&quot;size&quot;:10,&quot;sizes&quot;:[]},&quot;content_hover_animation&quot;:&quot;fade-in&quot;}\" data-widget_type=\"gallery.default\">\n\t\t\t\t\t\t\t<div class=\"elementor-gallery__container\">\n\t\t\t\t\t\t\t<div class=\"e-gallery-item elementor-gallery-item elementor-animated-content\">\n\t\t\t\t\t<div class=\"e-gallery-image elementor-gallery-item__image\" data-thumbnail=\"https:\/\/anders-rum.com\/wp-content\/uploads\/2023\/06\/IMG_7178-scaled-1-300x259.jpeg\" data-width=\"300\" data-height=\"259\" aria-label=\"\" role=\"img\" ><\/div>\n\t\t\t\t\t\t\t\t\t\t\t\t\t\t<\/div>\n\t\t\t\t\t\t\t<div class=\"e-gallery-item elementor-gallery-item elementor-animated-content\">\n\t\t\t\t\t<div class=\"e-gallery-image elementor-gallery-item__image\" data-thumbnail=\"https:\/\/anders-rum.com\/wp-content\/uploads\/2023\/06\/IMG_7181-scaled-1-300x275.jpeg\" data-width=\"300\" data-height=\"275\" aria-label=\"\" role=\"img\" ><\/div>\n\t\t\t\t\t\t\t\t\t\t\t\t\t\t<\/div>\n\t\t\t\t\t\t\t<div class=\"e-gallery-item elementor-gallery-item elementor-animated-content\">\n\t\t\t\t\t<div class=\"e-gallery-image elementor-gallery-item__image\" data-thumbnail=\"https:\/\/anders-rum.com\/wp-content\/uploads\/2023\/06\/IMG_7172-scaled-1-300x228.jpeg\" data-width=\"300\" data-height=\"228\" aria-label=\"\" role=\"img\" ><\/div>\n\t\t\t\t\t\t\t\t\t\t\t\t\t\t<\/div>\n\t\t\t\t\t\t\t<div class=\"e-gallery-item elementor-gallery-item elementor-animated-content\">\n\t\t\t\t\t<div class=\"e-gallery-image elementor-gallery-item__image\" data-thumbnail=\"https:\/\/anders-rum.com\/wp-content\/uploads\/2023\/06\/IMG_7177-scaled-1-300x223.jpeg\" data-width=\"300\" data-height=\"223\" aria-label=\"\" role=\"img\" ><\/div>\n\t\t\t\t\t\t\t\t\t\t\t\t\t\t<\/div>\n\t\t\t\t\t<\/div>\n\t\t\t\t\t<\/div>\n\t\t\t\t<div class=\"elementor-element elementor-element-3c032569 elementor-widget elementor-widget-heading\" data-id=\"3c032569\" data-element_type=\"widget\" data-widget_type=\"heading.default\">\n\t\t\t\t\t<h5 class=\"elementor-heading-title elementor-size-default\">Anders Rum Fishing Team<\/h5>\t\t\t\t<\/div>\n\t\t\t\t\t<\/div>\n\t\t\t\t<\/div>\n\t\t<div class=\"elementor-element elementor-element-f9cf1df e-flex e-con-boxed e-con e-parent\" data-id=\"f9cf1df\" data-element_type=\"container\">\n\t\t\t\t\t<div class=\"e-con-inner\">\n\t\t\t\t\t<\/div>\n\t\t\t\t<\/div>\n\t\t\t\t<\/div>\n\t\t","protected":false},"excerpt":{"rendered":"<p>Herzlich Willkommen bei Anders Rum! Hier berichten wir \u00fcber unsere angeltrips und iNFORMIEREN \u00dcBER Tips und Tricks zur Angelei in Norwegen. Letzer Post So ist das Wetter im Lyngenfjord Reisen Alle Posts anschauen Letzte\/ Allgemein Alle Posts anschauen Galerie Anders Rum Fishing Team<\/p>\n","protected":false},"author":2,"featured_media":878,"parent":0,"menu_order":0,"comment_status":"closed","ping_status":"closed","template":"","meta":{"footnotes":""},"class_list":["post-875","page","type-page","status-publish","has-post-thumbnail","hentry"],"_links":{"self":[{"href":"https:\/\/anders-rum.com\/index.php\/wp-json\/wp\/v2\/pages\/875","targetHints":{"allow":["GET"]}}],"collection":[{"href":"https:\/\/anders-rum.com\/index.php\/wp-json\/wp\/v2\/pages"}],"about":[{"href":"https:\/\/anders-rum.com\/index.php\/wp-json\/wp\/v2\/types\/page"}],"author":[{"embeddable":true,"href":"https:\/\/anders-rum.com\/index.php\/wp-json\/wp\/v2\/users\/2"}],"replies":[{"embeddable":true,"href":"https:\/\/anders-rum.com\/index.php\/wp-json\/wp\/v2\/comments?post=875"}],"version-history":[{"count":131,"href":"https:\/\/anders-rum.com\/index.php\/wp-json\/wp\/v2\/pages\/875\/revisions"}],"predecessor-version":[{"id":1346,"href":"https:\/\/anders-rum.com\/index.php\/wp-json\/wp\/v2\/pages\/875\/revisions\/1346"}],"wp:featuredmedia":[{"embeddable":true,"href":"https:\/\/anders-rum.com\/index.php\/wp-json\/wp\/v2\/media\/878"}],"wp:attachment":[{"href":"https:\/\/anders-rum.com\/index.php\/wp-json\/wp\/v2\/media?parent=875"}],"curies":[{"name":"wp","href":"https:\/\/api.w.org\/{rel}","templated":true}]}}