{"id":717,"date":"2022-03-02T13:45:28","date_gmt":"2022-03-02T13:45:28","guid":{"rendered":"https:\/\/anders-rum.com\/?page_id=3"},"modified":"2025-07-29T12:25:49","modified_gmt":"2025-07-29T12:25:49","slug":"datenschutz","status":"publish","type":"page","link":"https:\/\/anders-rum.com\/index.php\/datenschutz\/","title":{"rendered":"Datenschutz"},"content":{"rendered":"<div class=\"inside\">\n<div id=\"article-535\" class=\"mod_article block\">\n<div class=\"inside\">\n<div id=\"privacy\" class=\"privacy\">\n<div class=\"ce_text privacy_item general_part1 block\">\n<h1>Datenschutzerkl\u00e4rung<\/h1>\n<div class=\"text\">\n<p>Mit dieser Datenschutzerkl\u00e4rung m\u00f6chten wir Sie \u00fcber Art, Umfang und Zweck der Verarbeitung von personenbezogenen Daten (im Folgenden auch nur als \u201cDaten\u201d bezeichnet) aufkl\u00e4ren. Personenbezogene Daten sind alle Daten, die einen pers\u00f6nlichen Bezug zu Ihnen aufweisen, z. B. Name, Adresse, E-Mail-Adresse oder Ihr Nutzerverhalten. Die Datenschutzerkl\u00e4rung gilt f\u00fcr alle von uns vorgenommene Daten-Verarbeitungsvorg\u00e4nge sowohl im Rahmen unserer Kernt\u00e4tigkeit als auch f\u00fcr die von uns vorgehaltenen Online-Medien.<\/p>\n<\/div>\n<\/div>\n<div class=\"ce_text privacy_item contact_responsible block\">\n<div class=\"text\">\n<h2>Wer bei uns f\u00fcr die Datenverarbeitung verantwortlich ist<\/h2>\n<p>Verantwortlich f\u00fcr die Datenverarbeitung ist:<\/p>\n<\/div>\n<\/div>\n<div class=\"ce_text privacy_item general_part3 block\">\n<div class=\"text\">\n<h2>Ihre Rechte nach der DSGVO<\/h2>\n<p>Nach der DSGVO stehen Ihnen die nachfolgend aufgef\u00fchrten Rechte zu, die Sie jederzeit bei dem in Ziffer 1. dieser Datenschutzerkl\u00e4rung genannten Verantwortlichen geltend machen k\u00f6nnen:<\/p>\n<ul>\n<li><strong>Recht auf Auskunft:<\/strong>\u00a0Sie haben das Recht, von uns Auskunft dar\u00fcber zu verlangen, ob und welche Daten wir von Ihnen verarbeiten.<\/li>\n<li><strong>Recht auf Berichtigung:<\/strong>\u00a0Sie haben das Recht, die Berichtigung unrichtiger oder Vervollst\u00e4ndigung unvollst\u00e4ndiger Daten zu verlangen.<\/li>\n<li><strong>Recht auf L\u00f6schung:<\/strong>\u00a0Sie haben das Recht, die L\u00f6schung Ihrer Daten zu verlangen.<\/li>\n<li><strong>Recht auf Einschr\u00e4nkung:<\/strong>\u00a0Sie haben in bestimmten F\u00e4llen das Recht zu verlangen, dass wir Ihre Daten nur noch eingeschr\u00e4nkt bearbeiten.<\/li>\n<li><strong>Recht auf Daten\u00fcbertragbarkeit:<\/strong>\u00a0Sie haben das Recht zu verlangen, dass wir Ihnen oder einem anderen Verantwortlichen Ihre Daten in einem strukturierten, g\u00e4ngigen und maschinenlesebaren Format \u00fcbermitteln.<\/li>\n<li><strong>Beschwerderecht<\/strong>: Sie haben das Recht, sich bei einer Aufsichtsbeh\u00f6rde zu beschweren. Zust\u00e4ndig ist die Aufsichtsbeh\u00f6rde Ihres \u00fcblichen Aufenthaltsortes, Ihres Arbeitsplatzes oder unseres Firmensitzes.<\/li>\n<\/ul>\n<h3>Widerrufsrecht<\/h3>\n<p>Sie haben das Recht, die von Ihnen erteilte Einwilligung zur Datenverarbeitung jederzeit zu widerrufen.<\/p>\n<h3>Widerspruchsrecht<\/h3>\n<p>Sie haben das Recht, jederzeit gegen die Verarbeitung Ihrer Daten, die wir auf unser berechtigtes Interesse nach Art. 6 Abs. 1 lit. f DSGVO st\u00fctzen, Widerspruch einzulegen. Sofern Sie von Ihrem Widerspruchsrecht Gebrauch machen, bitten wir Sie um die Darlegung der Gr\u00fcnde. Wir werden Ihre personenbezogenen Daten dann nicht mehr verarbeiten, es sei denn, wir k\u00f6nnen Ihnen gegen\u00fcber nachweisen, dass zwingende schutzw\u00fcrdige Gr\u00fcnde an der Datenverarbeitung Ihre Interessen und Rechte \u00fcberwiegen.<\/p>\n<p><strong>Unabh\u00e4ngig vom vorstehend Gesagten, haben Sie das jederzeitige Recht, der Verarbeitung Ihrer personenbezogenen Daten f\u00fcr Zwecke der Werbung und Datenanalyse zu widersprechen.<\/strong><\/p>\n<p>Ihren Widerspruch richten Sie bitte an die oben angegebene Kontaktadresse des Verantwortlichen.<\/p>\n<h2>Wann l\u00f6schen wir Ihre Daten?<\/h2>\n<p>Wir l\u00f6schen Ihre Daten dann, wenn wir diese nicht mehr brauchen oder Sie uns dies vorgeben. Das bedeutet, dass \u2013 sofern sich aus den einzelnen Datenschutzhinweisen dieser Datenschutzerkl\u00e4rung nichts anderes ergibt \u2013 wir Ihre Daten l\u00f6schen,<\/p>\n<ul>\n<li>wenn der Zweck der Datenverarbeitung weggefallen ist und damit die jeweilige in den einzelnen Datenschutzhinweisen genannte Rechtsgrundlage nicht mehr besteht, also bspw.\n<ul>\n<li>nach Beendigung der zwischen uns bestehenden vertraglichen oder mitgliedschaftlichen Beziehungen (Art. 6 Abs. 1 lit. a DSGVO) oder<\/li>\n<li>nach Wegfall unseres berechtigten Interesses an der weiteren Verarbeitung oder Speicherung Ihrer Daten (Art. 6 Abs. 1 lit. f DSGVO),<\/li>\n<\/ul>\n<\/li>\n<li>wenn Sie von Ihrem Widerrufsrecht Gebrauch machen und keine anderweitige gesetzliche Rechtsgrundlage f\u00fcr die Verarbeitung im Sinne von Art. 6 Abs. 1 lit. b-f DSGVO eingreift,<\/li>\n<li>wenn Sie vom Ihrem Widerspruchsrecht Gebrauch machen und der L\u00f6schung keine zwingenden schutzw\u00fcrdigen Gr\u00fcnde entgegenstehen.<\/li>\n<\/ul>\n<p>Sofern wir (bestimmte Teile) Ihre(r) Daten jedoch noch f\u00fcr andere Zwecke vorhalten m\u00fcssen, weil dies etwa steuerliche Aufbewahrungsfristen (in der Regel 6 Jahre f\u00fcr Gesch\u00e4ftskorrespondenz bzw. 10 Jahre f\u00fcr Buchungsbelege) oder die Geltendmachung, Aus\u00fcbung oder Verteidigung von Rechtsanspr\u00fcchen aus vertraglichen Beziehungen (bis zu vier Jahren) erforderlich machen oder die Daten zum Schutz der Rechte einer anderen nat\u00fcrlichen oder juristischen Person gebraucht werden, l\u00f6schen wir (den Teil) Ihre(r) Daten erst nach Ablauf dieser Fristen. Bis zum Ablauf dieser Fristen beschr\u00e4nken wir die Verarbeitung dieser Daten jedoch auf diese Zwecke (Erf\u00fcllung der Aufbewahrungspflichten).<\/p>\n<\/div>\n<\/div>\n<div class=\"ce_text privacy_item general_part4 block\">\n<div class=\"text\">\n<h2>Sicherheitsma\u00dfnahmen<\/h2>\n<p>Wir treffen im \u00dcbrigen technische und organisatorische Sicherheitsma\u00dfnahmen nach dem Stand der Technik, um die Vorschriften der Datenschutzgesetze einzuhalten und Ihre Daten gegen zuf\u00e4llige oder vors\u00e4tzliche Manipulationen, teilweisen oder vollst\u00e4ndigen Verlust, Zerst\u00f6rung oder gegen den unbefugten Zugriff Dritter zu sch\u00fctzen.<\/p>\n<h2>Aktualit\u00e4t und \u00c4nderung dieser Datenschutzerkl\u00e4rung<\/h2>\n<p>Diese Datenschutzerkl\u00e4rung ist aktuell g\u00fcltig und hat den Stand Juni 2025. Aufgrund ge\u00e4nderter gesetzlicher bzw. beh\u00f6rdlicher Vorgaben kann es notwendig werden, diese Datenschutzerkl\u00e4rung anzupassen.<\/p>\n<p><strong>Diese Datenschutzerkl\u00e4rung wurde mit Hilfe des Datenschutz-Generators von SOS Recht erstellt. SOS Recht ist ein Angebot der Mueller.legal Rechtsanw\u00e4lte Partnerschaft mit Sitz in Berlin.<\/strong><\/p>\n<\/div>\n<\/div>\n<\/div>\n<\/div>\n<\/div>\n<\/div>\n","protected":false},"excerpt":{"rendered":"<p>Datenschutzerkl\u00e4rung Mit dieser Datenschutzerkl\u00e4rung m\u00f6chten wir Sie \u00fcber Art, Umfang und Zweck der Verarbeitung von personenbezogenen Daten (im Folgenden auch nur als \u201cDaten\u201d bezeichnet) aufkl\u00e4ren. Personenbezogene Daten sind alle Daten, die einen pers\u00f6nlichen Bezug zu Ihnen aufweisen, z. B. Name, Adresse, E-Mail-Adresse oder Ihr Nutzerverhalten. Die Datenschutzerkl\u00e4rung gilt f\u00fcr alle von uns vorgenommene Daten-Verarbeitungsvorg\u00e4nge sowohl [&hellip;]<\/p>\n","protected":false},"author":3,"featured_media":0,"parent":0,"menu_order":0,"comment_status":"closed","ping_status":"closed","template":"","meta":{"footnotes":""},"class_list":["post-717","page","type-page","status-publish","hentry"],"_links":{"self":[{"href":"https:\/\/anders-rum.com\/index.php\/wp-json\/wp\/v2\/pages\/717","targetHints":{"allow":["GET"]}}],"collection":[{"href":"https:\/\/anders-rum.com\/index.php\/wp-json\/wp\/v2\/pages"}],"about":[{"href":"https:\/\/anders-rum.com\/index.php\/wp-json\/wp\/v2\/types\/page"}],"author":[{"embeddable":true,"href":"https:\/\/anders-rum.com\/index.php\/wp-json\/wp\/v2\/users\/3"}],"replies":[{"embeddable":true,"href":"https:\/\/anders-rum.com\/index.php\/wp-json\/wp\/v2\/comments?post=717"}],"version-history":[{"count":1,"href":"https:\/\/anders-rum.com\/index.php\/wp-json\/wp\/v2\/pages\/717\/revisions"}],"predecessor-version":[{"id":1449,"href":"https:\/\/anders-rum.com\/index.php\/wp-json\/wp\/v2\/pages\/717\/revisions\/1449"}],"wp:attachment":[{"href":"https:\/\/anders-rum.com\/index.php\/wp-json\/wp\/v2\/media?parent=717"}],"curies":[{"name":"wp","href":"https:\/\/api.w.org\/{rel}","templated":true}]}}

<div class="inside">
<div id="article-535" class="mod_article block">
<div class="inside">
<div id="privacy" class="privacy">
<div class="ce_text privacy_item general_part1 block">
<h1>Datenschutzerklärung</h1>
<div class="text">
<p>Mit dieser Datenschutzerklärung möchten wir Sie über Art, Umfang und Zweck der Verarbeitung von personenbezogenen Daten (im Folgenden auch nur als “Daten” bezeichnet) aufklären. Personenbezogene Daten sind alle Daten, die einen persönlichen Bezug zu Ihnen aufweisen, z. B. Name, Adresse, E-Mail-Adresse oder Ihr Nutzerverhalten. Die Datenschutzerklärung gilt für alle von uns vorgenommene Daten-Verarbeitungsvorgänge sowohl im Rahmen unserer Kerntätigkeit als auch für die von uns vorgehaltenen Online-Medien.</p>
</div>
</div>
<div class="ce_text privacy_item contact_responsible block">
<div class="text">
<h2>Wer bei uns für die Datenverarbeitung verantwortlich ist</h2>
<p>Verantwortlich für die Datenverarbeitung ist:</p>
</div>
</div>
<div class="ce_text privacy_item general_part3 block">
<div class="text">
<h2>Ihre Rechte nach der DSGVO</h2>
<p>Nach der DSGVO stehen Ihnen die nachfolgend aufgeführten Rechte zu, die Sie jederzeit bei dem in Ziffer 1. dieser Datenschutzerklärung genannten Verantwortlichen geltend machen können:</p>
<ul>
<li><strong>Recht auf Auskunft:</strong> Sie haben das Recht, von uns Auskunft darüber zu verlangen, ob und welche Daten wir von Ihnen verarbeiten.</li>
<li><strong>Recht auf Berichtigung:</strong> Sie haben das Recht, die Berichtigung unrichtiger oder Vervollständigung unvollständiger Daten zu verlangen.</li>
<li><strong>Recht auf Löschung:</strong> Sie haben das Recht, die Löschung Ihrer Daten zu verlangen.</li>
<li><strong>Recht auf Einschränkung:</strong> Sie haben in bestimmten Fällen das Recht zu verlangen, dass wir Ihre Daten nur noch eingeschränkt bearbeiten.</li>
<li><strong>Recht auf Datenübertragbarkeit:</strong> Sie haben das Recht zu verlangen, dass wir Ihnen oder einem anderen Verantwortlichen Ihre Daten in einem strukturierten, gängigen und maschinenlesebaren Format übermitteln.</li>
<li><strong>Beschwerderecht</strong>: Sie haben das Recht, sich bei einer Aufsichtsbehörde zu beschweren. Zuständig ist die Aufsichtsbehörde Ihres üblichen Aufenthaltsortes, Ihres Arbeitsplatzes oder unseres Firmensitzes.</li>
</ul>
<h3>Widerrufsrecht</h3>
<p>Sie haben das Recht, die von Ihnen erteilte Einwilligung zur Datenverarbeitung jederzeit zu widerrufen.</p>
<h3>Widerspruchsrecht</h3>
<p>Sie haben das Recht, jederzeit gegen die Verarbeitung Ihrer Daten, die wir auf unser berechtigtes Interesse nach Art. 6 Abs. 1 lit. f DSGVO stützen, Widerspruch einzulegen. Sofern Sie von Ihrem Widerspruchsrecht Gebrauch machen, bitten wir Sie um die Darlegung der Gründe. Wir werden Ihre personenbezogenen Daten dann nicht mehr verarbeiten, es sei denn, wir können Ihnen gegenüber nachweisen, dass zwingende schutzwürdige Gründe an der Datenverarbeitung Ihre Interessen und Rechte überwiegen.</p>
<p><strong>Unabhängig vom vorstehend Gesagten, haben Sie das jederzeitige Recht, der Verarbeitung Ihrer personenbezogenen Daten für Zwecke der Werbung und Datenanalyse zu widersprechen.</strong></p>
<p>Ihren Widerspruch richten Sie bitte an die oben angegebene Kontaktadresse des Verantwortlichen.</p>
<h2>Wann löschen wir Ihre Daten?</h2>
<p>Wir löschen Ihre Daten dann, wenn wir diese nicht mehr brauchen oder Sie uns dies vorgeben. Das bedeutet, dass – sofern sich aus den einzelnen Datenschutzhinweisen dieser Datenschutzerklärung nichts anderes ergibt – wir Ihre Daten löschen,</p>
<ul>
<li>wenn der Zweck der Datenverarbeitung weggefallen ist und damit die jeweilige in den einzelnen Datenschutzhinweisen genannte Rechtsgrundlage nicht mehr besteht, also bspw.
<ul>
<li>nach Beendigung der zwischen uns bestehenden vertraglichen oder mitgliedschaftlichen Beziehungen (Art. 6 Abs. 1 lit. a DSGVO) oder</li>
<li>nach Wegfall unseres berechtigten Interesses an der weiteren Verarbeitung oder Speicherung Ihrer Daten (Art. 6 Abs. 1 lit. f DSGVO),</li>
</ul>
</li>
<li>wenn Sie von Ihrem Widerrufsrecht Gebrauch machen und keine anderweitige gesetzliche Rechtsgrundlage für die Verarbeitung im Sinne von Art. 6 Abs. 1 lit. b-f DSGVO eingreift,</li>
<li>wenn Sie vom Ihrem Widerspruchsrecht Gebrauch machen und der Löschung keine zwingenden schutzwürdigen Gründe entgegenstehen.</li>
</ul>
<p>Sofern wir (bestimmte Teile) Ihre(r) Daten jedoch noch für andere Zwecke vorhalten müssen, weil dies etwa steuerliche Aufbewahrungsfristen (in der Regel 6 Jahre für Geschäftskorrespondenz bzw. 10 Jahre für Buchungsbelege) oder die Geltendmachung, Ausübung oder Verteidigung von Rechtsansprüchen aus vertraglichen Beziehungen (bis zu vier Jahren) erforderlich machen oder die Daten zum Schutz der Rechte einer anderen natürlichen oder juristischen Person gebraucht werden, löschen wir (den Teil) Ihre(r) Daten erst nach Ablauf dieser Fristen. Bis zum Ablauf dieser Fristen beschränken wir die Verarbeitung dieser Daten jedoch auf diese Zwecke (Erfüllung der Aufbewahrungspflichten).</p>
</div>
</div>
<div class="ce_text privacy_item general_part4 block">
<div class="text">
<h2>Sicherheitsmaßnahmen</h2>
<p>Wir treffen im Übrigen technische und organisatorische Sicherheitsmaßnahmen nach dem Stand der Technik, um die Vorschriften der Datenschutzgesetze einzuhalten und Ihre Daten gegen zufällige oder vorsätzliche Manipulationen, teilweisen oder vollständigen Verlust, Zerstörung oder gegen den unbefugten Zugriff Dritter zu schützen.</p>
<h2>Aktualität und Änderung dieser Datenschutzerklärung</h2>
<p>Diese Datenschutzerklärung ist aktuell gültig und hat den Stand Juni 2025. Aufgrund geänderter gesetzlicher bzw. behördlicher Vorgaben kann es notwendig werden, diese Datenschutzerklärung anzupassen.</p>
<p><strong>Diese Datenschutzerklärung wurde mit Hilfe des Datenschutz-Generators von SOS Recht erstellt. SOS Recht ist ein Angebot der Mueller.legal Rechtsanwälte Partnerschaft mit Sitz in Berlin.</strong></p>
</div>
</div>
</div>
</div>
</div>
</div>

<p>Datenschutzerklärung Mit dieser Datenschutzerklärung möchten wir Sie über Art, Umfang und Zweck der Verarbeitung von personenbezogenen Daten (im Folgenden auch nur als “Daten” bezeichnet) aufklären. Personenbezogene Daten sind alle Daten, die einen persönlichen Bezug zu Ihnen aufweisen, z. B. Name, Adresse, E-Mail-Adresse oder Ihr Nutzerverhalten. Die Datenschutzerklärung gilt für alle von uns vorgenommene Daten-Verarbeitungsvorgänge sowohl [&hellip;]</p>
